{"id":161,"date":"2026-02-27T14:51:04","date_gmt":"2026-02-27T13:51:04","guid":{"rendered":"https:\/\/dolceduoacoustique.fr\/?page_id=161"},"modified":"2026-03-04T19:49:20","modified_gmt":"2026-03-04T18:49:20","slug":"accueil","status":"publish","type":"page","link":"https:\/\/dolceduoacoustique.fr\/","title":{"rendered":"Accueil"},"content":{"rendered":"\n<figure class=\"wp-block-image aligncenter size-full\"><img decoding=\"async\" src=\"https:\/\/dolceduoacoustique.fr\/wp-content\/uploads\/2025\/03\/Dolce-Duo-Acoustique_.jpg\" alt=\"\" class=\"wp-image-66\"\/><\/figure>\n\n\n\n<div style=\"height:47px\" aria-hidden=\"true\" class=\"wp-block-spacer\"><\/div>\n\n\n\n<h2 class=\"wp-block-heading\"><em>De la musique live pour tous vos \u00e9v\u00e8nements<\/em><\/h2>\n\n\n\n<p>DOLCE est un duo acoustique guitare-voix qui revisite les grands standards de la chanson fran\u00e7aise et internationale.<br>On ne joue pas simplement des reprises et des covers, on raconte des histoires, les n\u00f4tres\u2026 et peut-\u00eatre un peu les v\u00f4tres aussi.<\/p>\n\n\n\n<p>Notre r\u00e9pertoire est un voyage \u00e0 travers les styles et les \u00e9motions : pop, chanson fran\u00e7aise, touches de rythmes latins et jazzy\u2026 des morceaux connus et aim\u00e9s, revisit\u00e9s avec sensibilit\u00e9 et \u00e9l\u00e9gance, pour s\u2019adapter \u00e0 chaque lieu et chaque public.<\/p>\n\n\n\n<p>Mariage, cocktail, soir\u00e9e priv\u00e9e ou \u00e9v\u00e9nement professionnel : nous cr\u00e9ons une ambiance musicale douce, raffin\u00e9e et chaleureuse, qui accompagne l\u2019instant sans jamais le voler.<\/p>\n\n\n\n<div style=\"height:23px\" aria-hidden=\"true\" class=\"wp-block-spacer\"><\/div>\n\n\n\n<h2 class=\"wp-block-heading has-text-align-center\"><em>Nos Prestations<\/em><\/h2>\n\n\n\n<div class=\"wp-block-columns are-vertically-aligned-top has-white-background-color has-background is-layout-flex wp-container-core-columns-is-layout-28f84493 wp-block-columns-is-layout-flex\">\n<div class=\"wp-block-column is-vertically-aligned-top is-layout-flow wp-block-column-is-layout-flow\">\n<figure class=\"wp-block-image size-full is-resized\"><img loading=\"lazy\" decoding=\"async\" width=\"322\" height=\"234\" src=\"https:\/\/dolceduoacoustique.fr\/wp-content\/uploads\/2026\/02\/Mariage_.png\" alt=\"\" class=\"wp-image-225\" style=\"aspect-ratio:1.376093489148581;width:72px;height:auto\" srcset=\"https:\/\/dolceduoacoustique.fr\/wp-content\/uploads\/2026\/02\/Mariage_.png 322w, https:\/\/dolceduoacoustique.fr\/wp-content\/uploads\/2026\/02\/Mariage_-300x218.png 300w\" sizes=\"auto, (max-width: 322px) 100vw, 322px\" \/><\/figure>\n\n\n\n<h3 class=\"wp-block-heading\">Mariages<\/h3>\n\n\n\n<ul class=\"wp-block-list\">\n<li>Cocktail \/ Diner<\/li>\n\n\n\n<li>Brunch<\/li>\n\n\n\n<li>C\u00e9r\u00e9monie La\u00efque<\/li>\n<\/ul>\n<\/div>\n\n\n\n<div class=\"wp-block-column is-vertically-aligned-top is-layout-flow wp-block-column-is-layout-flow\">\n<figure class=\"wp-block-image size-full is-resized\"><img loading=\"lazy\" decoding=\"async\" width=\"324\" height=\"236\" src=\"https:\/\/dolceduoacoustique.fr\/wp-content\/uploads\/2026\/02\/Concert_.png\" alt=\"\" class=\"wp-image-226\" style=\"aspect-ratio:1.3729969540458218;width:70px;height:auto\" srcset=\"https:\/\/dolceduoacoustique.fr\/wp-content\/uploads\/2026\/02\/Concert_.png 324w, https:\/\/dolceduoacoustique.fr\/wp-content\/uploads\/2026\/02\/Concert_-300x219.png 300w\" sizes=\"auto, (max-width: 324px) 100vw, 324px\" \/><\/figure>\n\n\n\n<h3 class=\"wp-block-heading\">Concerts<\/h3>\n\n\n\n<ul class=\"wp-block-list\">\n<li>Bar<\/li>\n\n\n\n<li>Restaurant<\/li>\n\n\n\n<li>Mairie<\/li>\n<\/ul>\n<\/div>\n\n\n\n<div class=\"wp-block-column is-vertically-aligned-top is-layout-flow wp-block-column-is-layout-flow\">\n<figure class=\"wp-block-image size-full is-resized\"><img loading=\"lazy\" decoding=\"async\" width=\"320\" height=\"233\" src=\"https:\/\/dolceduoacoustique.fr\/wp-content\/uploads\/2026\/02\/Corpo_.png\" alt=\"\" class=\"wp-image-227\" style=\"aspect-ratio:1.373415599222051;width:63px;height:auto\" srcset=\"https:\/\/dolceduoacoustique.fr\/wp-content\/uploads\/2026\/02\/Corpo_.png 320w, https:\/\/dolceduoacoustique.fr\/wp-content\/uploads\/2026\/02\/Corpo_-300x218.png 300w\" sizes=\"auto, (max-width: 320px) 100vw, 320px\" \/><\/figure>\n\n\n\n<h3 class=\"wp-block-heading\">Ev\u00e8nements Priv\u00e9s<\/h3>\n\n\n\n<ul class=\"wp-block-list\">\n<li>Hotel \/ Restaurant<\/li>\n\n\n\n<li>Soir\u00e9e Priv\u00e9e<\/li>\n\n\n\n<li>Entreprises<\/li>\n<\/ul>\n<\/div>\n<\/div>\n\n\n\n<div style=\"height:21px\" aria-hidden=\"true\" class=\"wp-block-spacer\"><\/div>\n\n\n\n<hr class=\"wp-block-separator has-alpha-channel-opacity\"\/>\n\n\n\n<h2 class=\"wp-block-heading has-text-align-left\"><em>Contactez Nous<\/em><\/h2>\n\n\n\n<p class=\"has-text-align-left\">Nous serions ravis d\u2019en savoir plus sur votre \u00e9v\u00e9nement et de cr\u00e9er une ambiance musicale qui vous ressemble. Vous pouvez nous contacter <strong><em><a href=\"https:\/\/dolceduoacoustique.fr\/index.php\/contact\/\" data-type=\"page\" data-id=\"155\">ICI<\/a><\/em><\/strong><\/p>\n\n\n\n<div style=\"height:23px\" aria-hidden=\"true\" class=\"wp-block-spacer\"><\/div>\n\n\n\n<hr class=\"wp-block-separator has-alpha-channel-opacity\"\/>\n\n\n\n<h2 class=\"wp-block-heading has-text-align-left\"><em>Ecoutez Nous<\/em><\/h2>\n\n\n\n<iframe loading=\"lazy\" width=\"100%\" height=\"500\" scrolling=\"no\" frameborder=\"no\" allow=\"autoplay\" src=\"https:\/\/w.soundcloud.com\/player\/?url=https%3A\/\/api.soundcloud.com\/playlists\/soundcloud%253Aplaylists%253A1980572476&#038;color=%23ff5500&#038;auto_play=false&#038;hide_related=false&#038;show_comments=true&#038;show_user=true&#038;show_reposts=false&#038;show_teaser=true\"><\/iframe><div style=\"font-size: 10px; color: #cccccc;line-break: anywhere;word-break: normal;overflow: hidden;white-space: nowrap;text-overflow: ellipsis; font-family: Interstate,Lucida Grande,Lucida Sans Unicode,Lucida Sans,Garuda,Verdana,Tahoma,sans-serif;font-weight: 100;\"><a href=\"https:\/\/soundcloud.com\/dolceduoacoustique\" title=\"\" target=\"_blank\" style=\"color: #cccccc; text-decoration: none;\"><\/a> \u00b7 <a href=\"https:\/\/soundcloud.com\/dolceduoacoustique\/sets\/dolce-demo\" title=\"\" target=\"_blank\" style=\"color: #cccccc; text-decoration: none;\"><\/a><\/div>\n","protected":false},"excerpt":{"rendered":"<p>De la musique live pour tous vos \u00e9v\u00e8nements DOLCE est un duo acoustique guitare-voix qui revisite les grands standards de [&hellip;]<\/p>\n","protected":false},"author":1,"featured_media":0,"parent":0,"menu_order":0,"comment_status":"closed","ping_status":"closed","template":"","meta":{"site-sidebar-layout":"default","site-content-layout":"","ast-site-content-layout":"narrow-width-container","site-content-style":"default","site-sidebar-style":"default","ast-global-header-display":"","ast-banner-title-visibility":"","ast-main-header-display":"","ast-hfb-above-header-display":"","ast-hfb-below-header-display":"","ast-hfb-mobile-header-display":"","site-post-title":"","ast-breadcrumbs-content":"","ast-featured-img":"","footer-sml-layout":"","ast-disable-related-posts":"","theme-transparent-header-meta":"","adv-header-id-meta":"","stick-header-meta":"","header-above-stick-meta":"","header-main-stick-meta":"","header-below-stick-meta":"","astra-migrate-meta-layouts":"default","ast-page-background-enabled":"default","ast-page-background-meta":{"desktop":{"background-color":"var(--ast-global-color-5)","background-image":"","background-repeat":"repeat","background-position":"center center","background-size":"auto","background-attachment":"scroll","background-type":"","background-media":"","overlay-type":"","overlay-color":"","overlay-opacity":"","overlay-gradient":""},"tablet":{"background-color":"","background-image":"","background-repeat":"repeat","background-position":"center center","background-size":"auto","background-attachment":"scroll","background-type":"","background-media":"","overlay-type":"","overlay-color":"","overlay-opacity":"","overlay-gradient":""},"mobile":{"background-color":"","background-image":"","background-repeat":"repeat","background-position":"center center","background-size":"auto","background-attachment":"scroll","background-type":"","background-media":"","overlay-type":"","overlay-color":"","overlay-opacity":"","overlay-gradient":""}},"ast-content-background-meta":{"desktop":{"background-color":"var(--ast-global-color-4)","background-image":"","background-repeat":"repeat","background-position":"center center","background-size":"auto","background-attachment":"scroll","background-type":"","background-media":"","overlay-type":"","overlay-color":"","overlay-opacity":"","overlay-gradient":""},"tablet":{"background-color":"var(--ast-global-color-4)","background-image":"","background-repeat":"repeat","background-position":"center center","background-size":"auto","background-attachment":"scroll","background-type":"","background-media":"","overlay-type":"","overlay-color":"","overlay-opacity":"","overlay-gradient":""},"mobile":{"background-color":"var(--ast-global-color-4)","background-image":"","background-repeat":"repeat","background-position":"center center","background-size":"auto","background-attachment":"scroll","background-type":"","background-media":"","overlay-type":"","overlay-color":"","overlay-opacity":"","overlay-gradient":""}},"ngg_post_thumbnail":0,"footnotes":""},"class_list":["post-161","page","type-page","status-publish","hentry"],"_links":{"self":[{"href":"https:\/\/dolceduoacoustique.fr\/index.php\/wp-json\/wp\/v2\/pages\/161","targetHints":{"allow":["GET"]}}],"collection":[{"href":"https:\/\/dolceduoacoustique.fr\/index.php\/wp-json\/wp\/v2\/pages"}],"about":[{"href":"https:\/\/dolceduoacoustique.fr\/index.php\/wp-json\/wp\/v2\/types\/page"}],"author":[{"embeddable":true,"href":"https:\/\/dolceduoacoustique.fr\/index.php\/wp-json\/wp\/v2\/users\/1"}],"replies":[{"embeddable":true,"href":"https:\/\/dolceduoacoustique.fr\/index.php\/wp-json\/wp\/v2\/comments?post=161"}],"version-history":[{"count":41,"href":"https:\/\/dolceduoacoustique.fr\/index.php\/wp-json\/wp\/v2\/pages\/161\/revisions"}],"predecessor-version":[{"id":395,"href":"https:\/\/dolceduoacoustique.fr\/index.php\/wp-json\/wp\/v2\/pages\/161\/revisions\/395"}],"wp:attachment":[{"href":"https:\/\/dolceduoacoustique.fr\/index.php\/wp-json\/wp\/v2\/media?parent=161"}],"curies":[{"name":"wp","href":"https:\/\/api.w.org\/{rel}","templated":true}]}}